{"id":5784,"date":"2019-10-14T09:43:59","date_gmt":"2019-10-14T07:43:59","guid":{"rendered":"https:\/\/blog.mr-int.ch\/?page_id=5784"},"modified":"2020-09-10T12:06:32","modified_gmt":"2020-09-10T10:06:32","slug":"politique-environnementale","status":"publish","type":"page","link":"https:\/\/blog.mr-int.ch\/?page_id=5784","title":{"rendered":"Politique environnementale"},"content":{"rendered":"\n<p>Ci apr\u00e8s trois documents, aussi \u00e0 t\u00e9l\u00e9charger:<\/p>\n\n\n\n<ul class=\"wp-block-list\"><li>M\u00e9mo \u00ab\u00a0Politique environnementales\u00a0\u00bb<\/li><li>Dod\u00e9calogue environnemental<\/li><li>Le n\u00e9o-normal \u00e9cologiste, une autre mani\u00e8re de pr\u00e9senter les choses<\/li><\/ul>\n\n\n\n\t\t<div class=\"wppdfemb-frame-container-1\" style=\"-webkit-overflow-scrolling:auto;\">\n\t\t\t<iframe class=\"pdfembed-iframe nonfullscreen wppdf-emb-iframe-1\"\n\t\t\t\tsrc=\"https:\/\/blog.mr-int.ch\/?pdfemb-data=eyJwZGZJRCI6NTc4MCwiaW5kZXgiOjEsInBkZmVtYi1zZXJ2ZXVybCI6Imh0dHBzJTNBJTJGJTJGYmxvZy5tci1pbnQuY2glMkZ3cC1jb250ZW50JTJGdXBsb2FkcyUyRnNlY3VyZXBkZnMlMkYyMDE5JTJGMTAlMkZQb2xpdGlxdWVzLWVudmlyb25uZW1lbnRhbGVzLnBkZiIsIndtX3RleHQiOiIifQ\"\n\t\t\t\t\t\t\t\tdata-pdf-id=\"5780\"\n\t\t\t\tdata-pdf-index=\"1\"\n\t\t\t\tstyle=\"border:none;width:100%;max-width:100%;height:1087px;\"\n\t\t\t\tscrolling=\"yes\">\n\t\t\t<\/iframe>\n\t\t<\/div>\n\n\t\t\n<p class=\"wp-block-pdfemb-pdf-embedder-viewer\"><\/p>\n\n\n\n\t\t<div class=\"wppdfemb-frame-container-2\" style=\"-webkit-overflow-scrolling:auto;\">\n\t\t\t<iframe class=\"pdfembed-iframe nonfullscreen wppdf-emb-iframe-2\"\n\t\t\t\tsrc=\"https:\/\/blog.mr-int.ch\/?pdfemb-data=eyJwZGZJRCI6NTc5NywiaW5kZXgiOjIsInBkZmVtYi1zZXJ2ZXVybCI6Imh0dHBzJTNBJTJGJTJGYmxvZy5tci1pbnQuY2glMkZ3cC1jb250ZW50JTJGdXBsb2FkcyUyRnNlY3VyZXBkZnMlMkYyMDE5JTJGMTAlMkZkb2RlY2Fsb2d1ZS1lbnZpcm9ubmVtZW50YWwucGRmIiwid21fdGV4dCI6IiJ9\"\n\t\t\t\t\t\t\t\tdata-pdf-id=\"5797\"\n\t\t\t\tdata-pdf-index=\"2\"\n\t\t\t\tstyle=\"border:none;width:100%;max-width:100%;height:1087px;\"\n\t\t\t\tscrolling=\"yes\">\n\t\t\t<\/iframe>\n\t\t<\/div>\n\n\t\t\n<p class=\"wp-block-pdfemb-pdf-embedder-viewer\"><\/p>\n\n\n\n\t\t<div class=\"wppdfemb-frame-container-3\" style=\"-webkit-overflow-scrolling:auto;\">\n\t\t\t<iframe class=\"pdfembed-iframe nonfullscreen wppdf-emb-iframe-3\"\n\t\t\t\tsrc=\"https:\/\/blog.mr-int.ch\/?pdfemb-data=eyJwZGZJRCI6NjYyMiwidG9vbGJhcmZpeGVkIjoib24iLCJpbmRleCI6MywicGRmZW1iLXNlcnZldXJsIjoiaHR0cHMlM0ElMkYlMkZibG9nLm1yLWludC5jaCUyRndwLWNvbnRlbnQlMkZ1cGxvYWRzJTJGc2VjdXJlcGRmcyUyRjIwMjAlMkYwOCUyRmVjb2xvLW5lby1ub3JtYWwtMS5wZGYiLCJ3bV90ZXh0IjoiIn0\"\n\t\t\t\t\t\t\t\tdata-pdf-id=\"6622\"\n\t\t\t\tdata-pdf-index=\"3\"\n\t\t\t\tstyle=\"border:none;width:100%;max-width:100%;height:1087px;\"\n\t\t\t\tscrolling=\"yes\">\n\t\t\t<\/iframe>\n\t\t<\/div>\n\n\t\t\n<p class=\"wp-block-pdfemb-pdf-embedder-viewer\"><\/p>\n","protected":false},"excerpt":{"rendered":"<p>Ci apr\u00e8s trois documents, aussi \u00e0 t\u00e9l\u00e9charger: M\u00e9mo \u00ab\u00a0Politique environnementales\u00a0\u00bb Dod\u00e9calogue environnemental Le n\u00e9o-normal \u00e9cologiste, une autre mani\u00e8re de pr\u00e9senter les choses<\/p>\n","protected":false},"author":2,"featured_media":0,"parent":0,"menu_order":0,"comment_status":"closed","ping_status":"closed","template":"","meta":{"iawp_total_views":5,"footnotes":"","_links_to":"","_links_to_target":""},"class_list":["post-5784","page","type-page","status-publish","hentry"],"_links":{"self":[{"href":"https:\/\/blog.mr-int.ch\/index.php?rest_route=\/wp\/v2\/pages\/5784","targetHints":{"allow":["GET"]}}],"collection":[{"href":"https:\/\/blog.mr-int.ch\/index.php?rest_route=\/wp\/v2\/pages"}],"about":[{"href":"https:\/\/blog.mr-int.ch\/index.php?rest_route=\/wp\/v2\/types\/page"}],"author":[{"embeddable":true,"href":"https:\/\/blog.mr-int.ch\/index.php?rest_route=\/wp\/v2\/users\/2"}],"replies":[{"embeddable":true,"href":"https:\/\/blog.mr-int.ch\/index.php?rest_route=%2Fwp%2Fv2%2Fcomments&post=5784"}],"version-history":[{"count":0,"href":"https:\/\/blog.mr-int.ch\/index.php?rest_route=\/wp\/v2\/pages\/5784\/revisions"}],"wp:attachment":[{"href":"https:\/\/blog.mr-int.ch\/index.php?rest_route=%2Fwp%2Fv2%2Fmedia&parent=5784"}],"curies":[{"name":"wp","href":"https:\/\/api.w.org\/{rel}","templated":true}]}}